{"id":296,"date":"2026-01-23T23:52:02","date_gmt":"2026-01-23T22:52:02","guid":{"rendered":"https:\/\/barberaz2026.fr\/?page_id=296"},"modified":"2026-01-28T00:15:56","modified_gmt":"2026-01-27T23:15:56","slug":"notre-etat-desprit","status":"publish","type":"page","link":"https:\/\/www.barberaz2026.fr\/?page_id=296","title":{"rendered":"Notre \u00e9tat d&#8217;esprit"},"content":{"rendered":"\n<h2 class=\"wp-block-heading\"><strong>Nathalie Laumonnier et Arthur Boix-Neveu, une alliance naturelle<\/strong><\/h2>\n\n\n\n<blockquote class=\"wp-block-quote is-layout-flow wp-block-quote-is-layout-flow\">\n<div class=\"wp-block-group is-nowrap is-layout-flex wp-container-core-group-is-layout-6c531013 wp-block-group-is-layout-flex\">\n<p>\u00ab\u00a0<em>Ma motivation a toujours \u00e9t\u00e9 de faire avancer les projets du quotidien pour les habitants et pour l\u2019int\u00e9r\u00eat g\u00e9n\u00e9ral afin d\u2019am\u00e9liorer le vivre ensemble. Pour bien s\u2019entendre, il ne faut pas avoir les m\u00eames id\u00e9es, il faut avoir le m\u00eame respect.<\/em>\u00a0\u00bb Nathalie LAUMONNIER<br><br>\u00ab\u00a0<em>Malgr\u00e9 nos divergences il y a 6 ans, Nathalie a d\u00e9montr\u00e9 une formidable capacit\u00e9 \u00e0 s\u2019\u00e9loigner des clivages politiques traditionnels pour s\u2019impliquer avec s\u00e9rieux dans les d\u00e9l\u00e9gations que je lui ai confi\u00e9es d\u00e8s 2020. Nous avons ainsi tiss\u00e9, tout au long du mandat, des liens de confiance et d\u2019amiti\u00e9. C\u2019est donc logiquement que je lui ai propos\u00e9 d\u2019int\u00e9grer la majorit\u00e9 et de prendre des responsabilit\u00e9s importantes apr\u00e8s mars 2026, \u00e0 mes c\u00f4t\u00e9s.<\/em>\u00a0\u00bb Arthur BOIX-NEVEU<\/p>\n<\/div>\n<\/blockquote>\n\n\n\n<figure class=\"wp-block-image size-large\"><img loading=\"lazy\" decoding=\"async\" width=\"1024\" height=\"683\" src=\"https:\/\/barberaz2026.fr\/wp-content\/uploads\/2025\/11\/20251031-D61_0017-1024x683.jpg\" alt=\"\" class=\"wp-image-43\" srcset=\"https:\/\/www.barberaz2026.fr\/wp-content\/uploads\/2025\/11\/20251031-D61_0017-1024x683.jpg 1024w, https:\/\/www.barberaz2026.fr\/wp-content\/uploads\/2025\/11\/20251031-D61_0017-300x200.jpg 300w, https:\/\/www.barberaz2026.fr\/wp-content\/uploads\/2025\/11\/20251031-D61_0017-768x512.jpg 768w, https:\/\/www.barberaz2026.fr\/wp-content\/uploads\/2025\/11\/20251031-D61_0017-1536x1024.jpg 1536w, https:\/\/www.barberaz2026.fr\/wp-content\/uploads\/2025\/11\/20251031-D61_0017-2048x1365.jpg 2048w\" sizes=\"auto, (max-width: 1024px) 100vw, 1024px\" \/><\/figure>\n","protected":false},"excerpt":{"rendered":"<p>Nathalie Laumonnier et Arthur Boix-Neveu, une alliance naturelle<\/p>\n","protected":false},"author":1,"featured_media":0,"parent":0,"menu_order":0,"comment_status":"closed","ping_status":"closed","template":"","meta":{"footnotes":""},"class_list":["post-296","page","type-page","status-publish","hentry"],"_links":{"self":[{"href":"https:\/\/www.barberaz2026.fr\/index.php?rest_route=\/wp\/v2\/pages\/296","targetHints":{"allow":["GET"]}}],"collection":[{"href":"https:\/\/www.barberaz2026.fr\/index.php?rest_route=\/wp\/v2\/pages"}],"about":[{"href":"https:\/\/www.barberaz2026.fr\/index.php?rest_route=\/wp\/v2\/types\/page"}],"author":[{"embeddable":true,"href":"https:\/\/www.barberaz2026.fr\/index.php?rest_route=\/wp\/v2\/users\/1"}],"replies":[{"embeddable":true,"href":"https:\/\/www.barberaz2026.fr\/index.php?rest_route=%2Fwp%2Fv2%2Fcomments&post=296"}],"version-history":[{"count":3,"href":"https:\/\/www.barberaz2026.fr\/index.php?rest_route=\/wp\/v2\/pages\/296\/revisions"}],"predecessor-version":[{"id":359,"href":"https:\/\/www.barberaz2026.fr\/index.php?rest_route=\/wp\/v2\/pages\/296\/revisions\/359"}],"wp:attachment":[{"href":"https:\/\/www.barberaz2026.fr\/index.php?rest_route=%2Fwp%2Fv2%2Fmedia&parent=296"}],"curies":[{"name":"wp","href":"https:\/\/api.w.org\/{rel}","templated":true}]}}